et h be q(-4). Let z = h + 1. Determine t(z).
4
Let u(q) = 3 + 27*q - q**3 - 3*q**2 - 1 - 29*q. Suppose x = 4*x + 6. Determine u(x).
2
Let p(s) = s**2 + 5*s. Let v be p(-6). Let f(l) be the third derivative of -l**4/24 - 9*l**2. Let i(n) = -5*n - 7. Let r(q) = -6*f(q) + i(q). Determine r(v).
-1
Let b(k) = k**3 + 5*k**2 - 3*k - 6. Let r(w) = 2*w - 6. Let y be r(9). Let j = y - 17. Determine b(j).
9
Suppose 0 = -4*h - h. Let k(s) = s**3 - 11*s**2 + 3. Let v be k(11). Let t(i) = h + v*i - 2*i - 1. Calculate t(-4).
-5
Let v(j) = -6*j**2 + 4*j - 6. Let a(p) = -5*p**2 + 3*p - 5. Let r(m) = -7*a(m) + 6*v(m). What is r(4)?
-5
Let m(r) = r**3. Let u(x) = -x**2 + 5. Let l be u(2). What is m(l)?
1
Let j be (0 + -2)/(-3 + 2). Let h(k) = k**2 - 4*k**2 - 1 + j*k - 5*k. Suppose -2*b = -0*b + 4. Calculate h(b).
-7
Let l(q) = q**3 - 5*q**2 + q - 3. Let j = -4 + 6. Suppose a + j*a - 15 = 0. Give l(a).
2
Let c(x) be the third derivative of 1/60*x**5 + 0 + 0*x - 1/120*x**6 + 1/24*x**4 - 3*x**2 + 1/3*x**3. Suppose -j + 9 = -4*q - 9, -j + q = -6. Give c(j).
0
Let s(a) be the third derivative of a**5/60 - a**4/6 - 2*a**3/3 - 21*a**2. Give s(4).
-4
Suppose 0 = g - 4. Suppose 6 = -g*p + 18. Let k(v) = -v**2 + 2*v**3 - 12*v**p + 9*v**3 + 1. Calculate k(-2).
5
Let h(n) = 2*n**3 + 20*n**2 + 2. Let s be h(-10). Let w(t) be the first derivative of -t**2 + 1/3*t**3 + 2 - 1/4*t**4 - t. What is w(s)?
-9
Let p(b) = -b**3 + b**2 - b - 2. Let a be p(0). Let y(z) = 0 + 2*z + z**3 + 2 + 0*z**3 + 1. Give y(a).
-9
Let a(t) = 11 + 2*t + t - 11. Give a(-3).
-9
Suppose 0 = -3*c - n + 6, 5*n - 2*n - 6 = -3*c. Let k(f) be the second derivative of -1/2*f**2 + 0*f**3 - c*f - 3/20*f**5 + 1/6*f**4 + 0. Give k(1).
-2
Let l(r) be the second derivative of 0 + 1/6*r**3 + 3*r + 5/2*r**2. Give l(5).
10
Suppose 3*y = -0*y - 6. Let f be 6*4/(-12)*y. Let z(c) = 5*c - 3. Give z(f).
17
Let z(k) be the first derivative of -k**4/4 - 5*k**3/3 + 3*k**2/2 + 7*k - 13. Calculate z(-5).
-8
Let a(c) = -c**3 - c. Let r(m) = -m**2 - 8*m - 8. Let b be (48/10)/4*-5. Let f be r(b). Suppose -2*x - 6 = -f*d, 3*x - x - 1 = -3*d. What is a(d)?
-2
Let d(v) = v**3 - 7*v**2 + 6*v + 3. Suppose -z + 16 = t - 0*t, 0 = z + 2*t - 16. Let a = z - 10. What is d(a)?
3
Suppose -3*x - 27 = 2*t, 0*x + 2*x + 3*t + 23 = 0. Let r = x + 3. Let y(j) = 1 + j + j + 4. What is y(r)?
-3
Let d = 2 + -1. Let v be (0 - d)*(-4)/2. Let a(g) = g**2 - 4*g - g + 0*g**v. Give a(3).
-6
Suppose -11 = 3*i - 2. Let j(w) = -w - 2. What is j(i)?
1
Let a(m) = -m**3. Let o(c) = 6*c**3 - 2*c**2 - 4*c + 1. Let n = 1 + -6. Let r(y) = n*a(y) - o(y). Let p(k) = k**2 - 7*k + 9. Let l be p(6). Calculate r(l).
2
Let z(o) = -o**3 - o**2 - 2. Let q(h) = -h**3 - 2*h**2 + h - 4. Let m be q(-3). Suppose 2*w = -5*l + 3*l - 4, 5*w = l + m. Give z(w).
-2
Let b(m) = m. Let w be (-2)/9 + (-203)/(-63). Give b(w).
3
Let v(l) = 2*l**3 - 3*l**2 - l + 2. Let d(p) = 6*p**3 - 8*p**2 - 3*p + 5. Let n(u) = -3*d(u) + 8*v(u). Calculate n(-1).
2
Let j = 60 + -55. Let s = 10 - 4. Let m(d) = s + 1 - 2 - d. What is m(j)?
0
Let f = 10 + -9. Let l(t) be the first derivative of -5*t**4/4 + t**2/2 - t - 4. Give l(f).
-5
Let j(o) = o**3 + 13*o**2 + 5. Let f be j(-13). Let k(h) = h**2 - 5*h - 3. What is k(f)?
-3
Let l(s) = -s**2 + s. Let v(y) = y + 0 + 8*y + 5 - 1 - y**2. Let i(k) = 2*l(k) - v(k). What is i(-6)?
2
Let y(r) = 184*r + 4 + 1 - 183*r. Determine y(-6).
-1
Let l(m) = 3*m - 11 - 4*m - 2*m + 2*m. Let d(p) = -p - 10. Let b(v) = -4*d(v) + 3*l(v). Calculate b(-5).
2
Suppose -5*x - 44 + 17 = -3*c, 21 = 3*c - 3*x. Suppose 0 = -2*p + p - c. Let b(k) = -k**2 - 3*k. What is b(p)?
-4
Let w(u) = u**2 - u. Let s be 87/17 - (-36)/(-306). Calculate w(s).
20
Let r(b) = b**2 + 2*b - 1. Let c = 24 + -12. Let f(s) = -s**2 + 11*s + 9. Let g be f(c). Calculate r(g).
2
Let g(w) = -7*w**2 - 4*w**2 - 6 - w**3 - 3*w + 3*w**2 + 11*w. Give g(-9).
3
Let j(f) be the third derivative of f**5/60 - f**4/24 + f**3/6 - 9*f**2. Calculate j(3).
7
Let h(c) be the second derivative of 1/2*c**2 + 1/12*c**5 + 0 - 3*c + 0*c**4 + 1/120*c**6 - 1/3*c**3. Let j(m) be the first derivative of h(m). Give j(-5).
-2
Let c(k) = 2*k**3 - 2*k - 1. Let i = -2 - -1. Calculate c(i).
-1
Let z(j) = -9*j - 2. Let x(s) = 19*s + 4. Let k(a) = -6*x(a) - 13*z(a). What is k(-4)?
-10
Let i(v) = v**3 - 4*v**2 + v - 3. Let r(m) = -m**2 - 4*m + 1. Let d be r(-3). Determine i(d).
1
Let i(t) = t**2 - 7*t + 1. Let s = -17 - -24. Calculate i(s).
1
Let a(c) be the second derivative of -c**5/20 + c**4/2 - 2*c**3/3 - 2*c**2 - 6*c. Let q(j) = j**3 + 4*j**2 + 4. Let h be q(-3). Suppose h - 3 = 2*u. Give a(u).
1
Let g(l) = 8 + 0*l**2 + 2 - 4*l**3 - 10*l + 9*l**2 - 1. Let n(i) = -5*i**3 + 10*i**2 - 11*i + 10. Let j(t) = 4*g(t) - 3*n(t). Calculate j(5).
-4
Let l(r) = -2*r**2 + 7*r**2 + 2*r**2 + 3 - 2*r**2 - r**3 - 5*r. Let g = 1 - -2. Determine l(g).
6
Let v(r) = 152*r - 78*r - 71*r - r**2. What is v(3)?
0
Let n(o) be the first derivative of o**6/180 - o**5/120 - o**4/6 - o**3 - 3. Let r(c) be the third derivative of n(c). Give r(3).
11
Let s(w) = w**3 + 6 + 7 + w**2 - 1 + 7*w**2 - 8*w. What is s(-9)?
3
Suppose j = -2*j. Let q(w) be the first derivative of w**4/4 + w**3/3 - w**2/2 - 5*w - 7. Give q(j).
-5
Let p(t) = 0*t**3 - t**2 + 4 + t**3 + 3*t - 5*t**2 + t**2. What is p(3)?
-5
Let w(y) = 2*y + 14. Let t be w(-10). Let c(l) = -2*l**3 + 4*l**2 + 4*l - 3. Let h(n) = -5*n**3 + 13*n**2 + 12*n - 9. Let f(o) = 8*c(o) - 3*h(o). What is f(t)?
-9
Let m(h) be the second derivative of h**3/6 - h**2/2 - h. Suppose 3*k - 4*w - 20 = 7*k, 3*k = w + 1. Give m(k).
-2
Let h be (-3 + 1)/(4/(-12)). Suppose -2*j + 2 = -h. Let q(b) = b**3 - 3*b**2 - 2*b - 1. What is q(j)?
7
Let b(y) = -y**2 + 2. Let n = -6 + 10. Suppose 4*i + 2 = -6, 0 = 5*k + n*i - 7. What is b(k)?
-7
Let u(k) = -k**3 + k**2 - 1. Let i(w) = 4*w**3 + w**2 - 5*w - 1. Let o(h) = -i(h) - 3*u(h). Give o(-4).
-16
Let v(u) = u**3 - 3*u**2 + 1. Let c be -2 - (0 + 0)/(-1). Let b be (-3)/3 - -4 - c. Suppose 4*a = -0*a - 4*w - 16, -5*w - 30 = -b*a. Give v(a).
-1
Let f(g) = -g + 11. Let a be f(9). Suppose -1 = 3*r + m - 2, a*m = 4*r - 8. Let n(v) = -v**3 - 3 + 14*v**2 - 5 + 7*v - 9*v**2 + r. What is n(6)?
-1
Let a(p) be the first derivative of p**2/2 + 4*p + 2. Suppose -z = -3*z - 4. Let q be z/7 + (-38)/14. Determine a(q).
1
Let j(t) be the second derivative of -t**5/20 + 2*t**4/3 - 4*t**3/3 + 9*t**2/2 + 8*t. Give j(7).
2
Let w(j) = 3 + 0 + 2*j + 1 - j - j**2. Determine w(3).
-2
Let f(k) = k**2 + 6*k - 6. Let o(s) = s + 8. Let b be o(4). Suppose 9*x + b = 7*x. Determine f(x).
-6
Let n(q) = q**3 - 3*q + 1. Let i be n(2). Let w(d) = -2*d + 4. What is w(i)?
-2
Let r(f) = -f**3 - 7*f**2 - 6*f + 2. Let j = 23 - 29. Determine r(j).
2
Let q be (6/4)/(1/(-2)). Let k(o) = o**2 - o - 4. Let m be k(3). Let l = q + m. Let w(g) = 3*g**2 + g. What is w(l)?
2
Let m(t) = -t + 1. Suppose -1 = -c + 2. Let q(p) = -c - p - 3 - 1. Let r(n) = -6*m(n) - q(n). Calculate r(-1).
-6
Let c = -9 - -3. Let x(r) = -9*r - 23. Let v(k) = -13*k - 34. Let p(t) = -5*v(t) + 7*x(t). Calculate p(c).
-3
Suppose 5*f = -k + 4*k - 11, 3*k - 5 = -f. Let l be -3*f/(3 - 2). Let p(z) = 3*z**3 + 3 + z**3 + 2*z - 2*z**3 + l*z**2. What is p(-2)?
-5
Let t(s) = 7*s - 9 + 6*s**2 - 1 - s**3 + 5. Let h = -7 - -14. Give t(h).
-5
Let i(v) = -2*v. Let b be i(-1). Let j(m) be the second derivative of -m**b + 0 - 2*m - 1/6*m**3. What is j(-6)?
4
Let x be (8/(-10))/((-3)/15). Let s(v) = 2*v**2 - 6*v. What is s(x)?
8
Let s(r) be the second derivative of 0*r**4 - 1/10*r**5 - 5*r + 0*r**3 + 0*r**2 + 0. Determine s(-1).
2
Suppose -3*l - 30 = 2*l. Let v(y) = -15*y**3 + 8*y**2 - 15*y + 4. Let p(c) = 7*c**3 - 4*c**2 + 7*c - 2. Let b(k) = l*v(k) - 13*p(k). Give b(3).
8
Let v = 34 + -26. Let j(t) = -t**3 + 7*t**2 + 9*t - 12. Calculate j(v).
-4
Suppose -u + 2*k - k = 4, 5*k - 18 = 3*u. Let o(t) = t**2 - 5*t - 2. Let b be o(6). Let x(c) = -3 + 2 + b*c**2 - 2*c**2 - c. What is x(u)?
2
Let g(r) = -2*r**3 + r**3 + 6*r**2 + 8*r - 7 - r + 3. Let d be g(7). Let t(j) = -3*j - 6. Determine t(d).
6
Let u be -3*-2*(-1)/(-6). Suppose 0 = -2*p + 5*v + 4, 0 = 2*p + 5*v - u - 3. Let h(s) = -3 + 3*s - 3*s**2 + 0*s**2 + 2*s**2. Determine h(p).
-1
Let n = 0 + 0. Let k(u) = u**3. Let h(s) = 3*s + 3 + s - s - 2*